pose -11*h = -83659 - 39915. What is the highest common divisor of h and 82?
82
Suppose 4*r - 4 = -2*b, b - 2*r = 3*b - 8. Suppose 27*j - 33 = -b. Calculate the greatest common divisor of 51 and j.
1
Let n(x) = x**3 + 34*x**2 - 80*x - 1129. Let o be n(-33). What is the greatest common divisor of o and 832?
104
Suppose 120 = -3*l - 9*l. Let d be 6/15 - 516/l. Calculate the greatest common factor of d and 26.
26
Let h be (-3334)/(-9) + (-416)/936. Calculate the greatest common divisor of h and 110.
10
Let h = -36 + 44. Let t(k) = k + 43. Let b be t(h). Calculate the highest common factor of b and 153.
51
Let s(v) be the first derivative of 4*v**3/3 - 4*v**2 - 4*v - 105. Let c be s(3). What is the greatest common factor of c and 64?
8
Suppose o = u + 22, -4*o = u - 444 + 356. What is the greatest common factor of 7128 and o?
22
Let z = 6162 + -5677. What is the highest common divisor of z and 1358?
97
Suppose 6*w = 1199 + 1591. What is the greatest common factor of 5952 and w?
93
Let j(l) = -739*l**3 - l**2. Let w be j(-1). Calculate the highest common divisor of w and 328.
82
Suppose -21*i - 474 = -100*i. What is the greatest common factor of i and 34?
2
Let o = 16 + -6. Let t(h) = -235*h**2 - 7*h - 44. Let j be t(9). Let i be 6/(-16) - j/272. What is the highest common divisor of o and i?
10
Suppose 160*q = 158*q - 1208. Let k = q - -639. What is the highest common divisor of 945 and k?
35
Suppose -17*z - 84 + 2787 = 0. Suppose -p = 0, 72*p = 2*u + 73*p - 424. What is the highest common divisor of u and z?
53
Suppose 55 = 4*a + 4*h + 11, -a - 7 = -5*h. Let w(j) = j**2 + 3*j. Let k be w(-3). Suppose 0 = -2*b + 8 - k. Calculate the greatest common divisor of a and b.
4
Let u(q) = 2*q**2 - 6*q - 6. Let z be u(5). Let i be (7 + (-9 - -2))*1/(-2). Suppose i = -2*j + 181 + 71. What is the highest common divisor of z and j?
14
Let n(d) = 133*d**2 + 14*d - 24. Suppose 26*i - 25*i - 2 = 0. Let h be n(i). Calculate the highest common factor of h and 8.
8
Suppose 2*w - 5*l = 2298, 3*w - 2*l - 3609 + 184 = 0. Suppose 4*i - 157 = w. Let o be 38 - (1 - 4)*(-12)/18. What is the highest common divisor of i and o?
36
Let l = -1636 - -3256. Calculate the greatest common factor of 165 and l.
15
Suppose -4*q + 25 = 13, -4*r - 2*q = -2682. Let c = -564 + r. Let v(i) = i**3 - 2*i**2 + 3*i - 3. Let x be v(3). What is the greatest common divisor of c and x?
15
Let q(z) = -13*z - 72. Let w be q(-4). Let u = 34 + w. Let y be ((-72)/(-10))/((-16)/(-280)). Calculate the highest common factor of y and u.
14
Let f be -40*(3 + -4)/(1 + (-6)/8). Calculate the highest common factor of f and 10.
10
Suppose 0 = d - 2*v - 4, 20 = -3*d - 6*v + 4*v. Let x(p) = -p**2 - 13*p - 3. Let c be x(d). Calculate the greatest common factor of 33 and c.
33
Let v = -251 + 251. Suppose v = -2*n + 8, -2*b = -b + 2*n - 360. Calculate the highest common factor of b and 44.
44
Let h = 43 + -42. Let f be ((3 - 0) + 4)*(0 + h). Suppose 0 = -f*i + 3 + 4. Calculate the greatest common divisor of 4 and i.
1
Suppose -33*d + 105*d = -76*d + 10656. Calculate the highest common factor of d and 261.
9
Suppose 1210 = 33*d - 315 - 3425. What is the highest common divisor of d and 2850?
150
Let p be (18 + -24)/(3/(-13)). Suppose 0*g + g = -5. Let b be 8/20 - 388/g. What is the highest common factor of b and p?
26
Let w(m) = -7*m + 403. Let h be w(-3). Calculate the greatest common factor of 328 and h.
8
Let i = -68 - -115. Suppose 0 = 2*o - 5*a - 366, -2*o + 4*a = -3*o + 196. Calculate the greatest common factor of o and i.
47
Suppose y - 5*s = 7, 0*s - 11 = -5*y + s. Suppose -15 = -y*l - 57. Let w = l - -26. Calculate the greatest common divisor of w and 10.
5
Let l = 23 - 20. Suppose -3*k + 54 = l*h, 3*k + 82 = 7*k - h. Let n be k/(-15)*(-1)/(6/27). What is the greatest common factor of n and 6?
6
Let r be 2 - -31 - (51 + -42). Suppose -3*x + 383 = -121. What is the highest common factor of r and x?
24
Let h(k) = -147*k - 429. Let s be h(-3). Calculate the highest common factor of 196 and s.
4
Suppose -4*y = -10*y - 60. Let z be (60/75)/((-4)/y). Suppose 17 - 3 = z*x. What is the highest common divisor of 35 and x?
7
Suppose -287 = 11*y - 4*y. Suppose -22*q = -15*q + 791. Let x = y - q. What is the highest common divisor of x and 18?
18
Suppose -3*t - 56 = -122. Suppose 6*r = -5*r + t. Suppose r*q - 27 - 3 = 0. Calculate the greatest common factor of q and 10.
5
Let y(j) = -9*j + 39. Let h be y(-19). Suppose -2*p + 3*p = 5*c + h, -2*c = 0. Let s be (-4)/30 - (-6748)/p. Calculate the greatest common divisor of s and 160.
32
Let x = -39318 - -39320. What is the highest common divisor of 2662 and x?
2
Suppose -g + y = -3, -5*y + 3 = g - 0. Suppose g*x + 18*x - 294 = 0. What is the highest common divisor of x and 434?
14
Suppose 4*q - 831 = 5*h, q - 6*h + 1051 = 6*q. Calculate the highest common factor of 44 and q.
11
Let x(m) = -2*m - 5. Let v be x(-3). Let b be 12/18 - (-4)/(-6). Let c be ((-45)/5)/(-3) + b. Calculate the highest common divisor of v and c.
1
Suppose 0 = 23*a + 16*a - 3510. Suppose -12*u + 42 = -a. What is the highest common divisor of u and 1?
1
Suppose 6 = -5*m + 6*m. Suppose -94*o + 28*o - 54438 = -488*o. What is the greatest common divisor of m and o?
3
Let z be -10560*(-16 - 1170/(-75)). What is the highest common divisor of 99 and z?
33
Let c be 15*2/(-4)*(-54)/15. Suppose 15 = -6*s + c. Calculate the highest common factor of s and 62.
2
Suppose 10*o = 163 + 87. Suppose 0*u = p + 3*u - o, -74 = -4*p + u. What is the greatest common factor of p and 152?
19
Suppose 2*m - 4*n + 114 = 0, -6 + 1 = -n. Let b = m + 128. Suppose -6*w = -3*w - 9, 2*j + 4*w = 30. Calculate the greatest common divisor of j and b.
9
Let w be -1*1 - (-3 - (2 + -1)). Suppose k - 5 = 0, 3*j - w*k = -8*k + 175. Calculate the greatest common divisor of j and 40.
10
Let m = 45 - 18. Let u(q) = -2*q + 56. Let h = 54 - 35. Let l be u(h). Calculate the highest common factor of m and l.
9
Suppose -5*f - 235 = -575. Let n(k) = 16*k**2 + 611*k + 707. Let i be n(-37). Calculate the highest common divisor of f and i.
4
Let v = 1573 - 1566. Calculate the greatest common factor of v and 17.
1
Let y be ((-504)/(1 + 1))/((-19)/57). Let o = -282 + y. Calculate the highest common divisor of 6 and o.
6
Suppose -208*l + 252382 = -93191 + 79749. What is the highest common divisor of 36 and l?
18
Let p be (10/(-12))/(4/(-48)). Suppose 2*o + 4 = 2*q - 0*o, -2*o + p = 5*q. What is the greatest common factor of 22 and q?
2
Let m = -21931 - -22191. What is the greatest common divisor of 10855 and m?
65
Let u(n) = -5*n + 74. Suppose 3*q + k = 23 + 9, -q + 24 = -3*k. Let v be u(q). What is the highest common divisor of v and 112?
14
Let n be (35 - 47)/((-4)/20166). Calculate the highest common divisor of 18 and n.
18
Suppose 5*h - 21 = -6. Let m be 5/((-10)/(-8)) - h. Let k(n) = n**2 - 24*n + 51. Let r be k(22). What is the highest common factor of r and m?
1
Let u(a) = -38*a + 39. Let i be u(-11). Let f = i + -329. Let m be 6/4*64/6. What is the greatest common divisor of m and f?
16
Let j(i) = 231*i**2 - 36*i - 3. Let w be j(-2). Suppose 2*p + 3*x = w - 288, -4*p = 2*x - 1414. Calculate the greatest common divisor of p and 6.
6
Let h = 30141 + -30111. What is the highest common factor of 5690 and h?
10
Let l be 354/1416 - (-3)/(-12)*-35*1. Suppose -x + o + 41 = 0, -x - 2*x + 5*o + 133 = 0. Calculate the highest common factor of x and l.
9
Suppose -11*x - 8*x = -2736. Let l be (7 - 2)*x/40. Calculate the highest common divisor of l and 45.
9
Suppose 60 = 4*u + 11*u. Suppose 0 = -3*w - u*d + 52, 3*w - 5*d - 18 = 25. What is the greatest common factor of w and 112?
16
Let w = -1782 + 9639. Calculate the greatest common divisor of w and 97.
97
Suppose -5*n + 4 = -6. Suppose -7*s = j - n*s + 25, j - 2*s - 10 = 0. Suppose -4*z + 15 = 2*l + z, -4*z + 4 = j. What is the highest common divisor of l and 40?
5
Let f = -180 - -180. Suppose -8*o + 20*o - 1512 = f. What is the greatest common divisor of o and 36?
18
Let t be (-3 + -2)*(0 + -2). Suppose -5*p = -120*a + 122*a, 0 = 3*a + 5*p - 10. Calculate the highest common divisor of a and t.
10
Let g be -5*5/(-175) - (-2)/(-14). Suppose -10*h + 8*h + 450 = g. Calculate the highest common divisor of h and